{"id":2,"date":"2014-02-22T15:37:10","date_gmt":"2014-02-22T15:37:10","guid":{"rendered":"http:\/\/www.cathjack.ch\/wordpress\/?page_id=2"},"modified":"2019-05-09T13:05:14","modified_gmt":"2019-05-09T12:05:14","slug":"page-d-exemple","status":"publish","type":"page","link":"https:\/\/www.cathjack.ch\/wordpress\/?page_id=2","title":{"rendered":"A propos &#8230;"},"content":{"rendered":"<p style=\"text-align: left;\">Ce petit blog a pour but de vous faire tourner les pages de mes envies et de mes coups de c\u0153ur, de vous inviter \u00e0 partager des lectures, des flashs de vie, des moments de bonheur et de partage.\u00a0Le\u00a0Blog\u00a0 n&rsquo;exerce aucune exploitation commerciale ou publicitaire.<br \/>\nLe contenu des articles est libre de tout engagement et ne cautionne aucune marque, service ou produit.<\/p>\n<blockquote><p>Petit \u00e0 petit j&rsquo;esp\u00e8re qu&rsquo;il vous fera aimer certains auteurs, vous fera d\u00e9couvrir des paysages lointains ou int\u00e9rieurs, les couleurs de la vie&#8230;<\/p><\/blockquote>\n<p>J&rsquo;ai choisi de l&rsquo;intituler au fil de &#8230;<\/p>\n<blockquote><p>Au fil de &#8230; une expression que j&rsquo;aime .. au fil du temps, au fil des pages, au fil de l&rsquo;eau&#8230;<\/p><\/blockquote>\n<p>Au fil des jours,\u00a0\u00a0vous faire part de mes d\u00e9couvertes livresques, et de d\u00e9river peut-\u00eatre<\/p>\n<p>Et si je perds le fil de mes id\u00e9es, je n&rsquo;exclus pas de petites excursions au fil du temps qui passe&#8230;<\/p>\n<p>Laisser vous entrainer dans mon sillage et merci de me suivre<\/p>\n<p><span style=\"color: #0000ff;\">Catherine<\/span><\/p>\n<p>Ma Ballade a 2 l &#8230; oui oui&#8230;<br \/>\nje parle de po\u00e9sie des mots et de musicalit\u00e9.. alors faut voir.. et que dire de \u00a0\u00bb la Ballade des baladins de Gilbert B\u00e9caud \u00a0\u00bb<\/p>\n<p><strong>Une astuce est de se dire qu\u2019avec deux ailes (deux \u00ab\u00a0l\u00a0\u00bb), la musique vous transportera dans les airs<\/strong><span style=\"display: inline !important; float: none; background-color: #ffffff; color: #444444; font-family: 'Palanquin',sans-serif; font-size: 19px; font-style: normal; font-variant: normal; font-weight: 400; letter-spacing: -0.4px; orphans: 2; text-align: left; text-decoration: none; text-indent: 0px; text-transform: none; -webkit-text-stroke-width: 0px; white-space: normal; word-spacing: 0px;\"> alors qu\u2019une promenade vous laisse les pieds sur terre !<\/span> (Trouv\u00e9 sur le site <a href=\"https:\/\/www.lalanguefrancaise.com\/orthographe\/balade-ou-ballade\/\">La langue fran\u00e7aise<\/a> )<\/p>\n<p>&nbsp;<\/p>\n<p><em>J&rsquo;ai trouv\u00e9 la plupart des photos sur le web et elles ne m&rsquo;appartiennent donc pas (quand je trouve l&rsquo;auteur de la photo je le signale &#8211; sinon je pars du principe qu&rsquo;elles sont publiques) . Si tel n&rsquo;est pas le cas, merci de m&rsquo;en informer et je les retirerai de suite.<\/em><\/p>\n","protected":false},"excerpt":{"rendered":"<p>Ce petit blog a pour but de vous faire tourner les pages de mes envies et de mes coups de c\u0153ur, de vous inviter \u00e0 partager des lectures, des flashs de vie, des moments de bonheur et de partage.\u00a0Le\u00a0Blog\u00a0 n&rsquo;exerce aucune exploitation commerciale ou publicitaire. Le contenu des articles est libre de tout engagement et &hellip; <\/p>\n<p class=\"read-more\"><a class=\"readmore-btn\" href=\"https:\/\/www.cathjack.ch\/wordpress\/?page_id=2\">+<span class=\"screen-reader-text\">  Read More<\/span><\/a><\/p>\n","protected":false},"author":1,"featured_media":2010,"parent":0,"menu_order":0,"comment_status":"open","ping_status":"open","template":"","meta":{"_crdt_document":"","_monsterinsights_skip_tracking":false,"_monsterinsights_sitenote_active":false,"_monsterinsights_sitenote_note":"","_monsterinsights_sitenote_category":0,"footnotes":""},"class_list":["post-2","page","type-page","status-publish","has-post-thumbnail","hentry"],"aioseo_notices":[],"_links":{"self":[{"href":"https:\/\/www.cathjack.ch\/wordpress\/index.php?rest_route=\/wp\/v2\/pages\/2","targetHints":{"allow":["GET"]}}],"collection":[{"href":"https:\/\/www.cathjack.ch\/wordpress\/index.php?rest_route=\/wp\/v2\/pages"}],"about":[{"href":"https:\/\/www.cathjack.ch\/wordpress\/index.php?rest_route=\/wp\/v2\/types\/page"}],"author":[{"embeddable":true,"href":"https:\/\/www.cathjack.ch\/wordpress\/index.php?rest_route=\/wp\/v2\/users\/1"}],"replies":[{"embeddable":true,"href":"https:\/\/www.cathjack.ch\/wordpress\/index.php?rest_route=%2Fwp%2Fv2%2Fcomments&post=2"}],"version-history":[{"count":17,"href":"https:\/\/www.cathjack.ch\/wordpress\/index.php?rest_route=\/wp\/v2\/pages\/2\/revisions"}],"predecessor-version":[{"id":8483,"href":"https:\/\/www.cathjack.ch\/wordpress\/index.php?rest_route=\/wp\/v2\/pages\/2\/revisions\/8483"}],"wp:featuredmedia":[{"embeddable":true,"href":"https:\/\/www.cathjack.ch\/wordpress\/index.php?rest_route=\/wp\/v2\/media\/2010"}],"wp:attachment":[{"href":"https:\/\/www.cathjack.ch\/wordpress\/index.php?rest_route=%2Fwp%2Fv2%2Fmedia&parent=2"}],"curies":[{"name":"wp","href":"https:\/\/api.w.org\/{rel}","templated":true}]}}